w**3 + 19*w**2 + 66*w - 770. Calculate l(20).
150
Let p(r) = 3*r**3 - 3*r**2 + r - 22. What is p(5)?
283
Let r(t) = 2*t**3 + 59*t**2 + 224*t - 39. Determine r(-25).
-14
Let m(w) = w**3 + 26*w**2 + 21*w - 38. Give m(-25).
62
Let w(k) = 5*k**2 + 110*k - 61. Give w(-22).
-61
Let v(c) = 20*c**2 - 227*c + 468. Calculate v(9).
45
Let u(s) = 322*s + 16093. Calculate u(-50).
-7
Let o(s) = 2*s**3 - 36*s**2 + 35*s + 11. Determine o(17).
28
Let h(d) = 150*d + 940. Give h(-7).
-110
Let n(u) = 2*u**3 + 32*u**2 + 280*u + 4494. Calculate n(-16).
14
Let d(h) = -h**3 + 16*h**2 + 124*h - 1936. What is d(15)?
149
Let l(u) = -2*u**3 - 25*u**2 - 4*u + 15. Determine l(-12).
-81
Let s(i) = 71*i**3 - i**2 - 2*i + 2. Determine s(1).
70
Let l(s) = 194*s**2 + 177*s - 1. Determine l(-1).
16
Let x(l) = 16*l + 241. Give x(-21).
-95
Let p(k) = -112*k - 1343. What is p(-12)?
1
Let g(c) = 22*c - 519. What is g(24)?
9
Let i(b) = -108*b - 2114. What is i(-21)?
154
Let k(z) = -z**2 - 16*z + 370. Determine k(12).
34
Let s(m) = -595*m**2 + 1782*m + 5. Calculate s(3).
-4
Let l(q) = -2*q**2 + 44*q - 255. Give l(12).
-15
Let r(b) = -12*b + 18. What is r(5)?
-42
Let z(s) = 5*s**3 + 387*s**2 + 152*s - 146. What is z(-77)?
8
Let c(n) = n**3 - 7*n**2 - 8*n + 127. What is c(7)?
71
Let f(a) = -a**2 - 45*a + 42. Calculate f(-46).
-4
Let a(i) = 165*i - 91. Give a(1).
74
Let l(a) = -35*a + 305. Give l(9).
-10
Let x(w) = 1101*w + 35242. Give x(-32).
10
Let p(v) = -21*v**2 + 157*v - 65. Give p(7).
5
Let p(t) = -13*t - 516. Give p(-35).
-61
Let l(p) = -4*p**2 + 126*p - 190. What is l(30)?
-10
Let i(n) = n**2 - 55*n + 789. Determine i(25).
39
Let u(r) = 2*r**3 - 44*r**2 + r - 77. Determine u(22).
-55
Let s(h) = h**3 - 8*h**2 + 4*h + 90. Calculate s(4).
42
Let o(j) = -3*j**3 - 2*j**2 - j - 12. Calculate o(-2).
6
Let q(x) = -51*x - 269. Calculate q(2).
-371
Let z(a) = -37*a**3 - 10*a**2 - 1. What is z(-1)?
26
Let a(l) = -868*l - 6944. Give a(-8).
0
Let l(s) = -s**2 + 27*s + 133. Give l(-4).
9
Let n(j) = 19*j - 198. Determine n(12).
30
Let x(t) = 27*t + 300. What is x(13)?
651
Let x(v) = v**3 + 62*v**2 + 6*v + 373. Give x(-62).
1
Let u(b) = -2*b**2 + 88*b - 393. Determine u(39).
-3
Let h(z) = 6*z**2 - 51*z + 162. Determine h(4).
54
Let k(u) = -u**3 + 7*u**2 - 25*u + 150. Determine k(6).
36
Let j(l) = l**3 - 44*l**2 - 36*l + 136. Calculate j(45).
541
Let y(l) = -17*l - 136. Give y(-10).
34
Let d(r) = -44*r - 301. Determine d(-7).
7
Let w(z) = -138*z**2 + 36*z - 38. What is w(1)?
-140
Let a(f) = -2*f**2 - 63*f - 440. Give a(-10).
-10
Let v(h) = 5*h**3 + 32*h**2 + 38*h + 135. Calculate v(-5).
120
Let d(t) = t**3 - 19*t**2 + 87*t + 4. What is d(8)?
-4
Let p(q) = -q**3 - 12*q**2 + 44*q - 64. Calculate p(-15).
-49
Let t(s) = -38*s - 1084. Determine t(-29).
18
Let o(w) = -305*w - 1801. Determine o(-6).
29
Let v(i) = i**2 + 2*i - 161. Determine v(24).
463
Let z(b) = -97*b - 330. Calculate z(-5).
155
Let m(d) = d**3 - 26*d**2 - 59*d + 139. Give m(28).
55
Let n(a) = a**2 - 43*a + 20. Calculate n(0).
20
Let b(a) = -a**3 - 2*a**2 + 598*a + 2362. Determine b(-4).
2
Let w(k) = -k**3 + 17*k**2 + 13*k - 422. What is w(17)?
-201
Let w(j) = j**2 - 105*j + 826. Give w(9).
-38
Let c(o) = -22*o + 102. Calculate c(3).
36
Let v(q) = -116*q - 3697. Give v(-32).
15
Let d(t) = -2*t**3 - 34*t**2 - 107*t - 8. Determine d(-4).
4
Let j(l) = l**3 + 26*l**2 + 165*l + 143. Calculate j(-10).
93
Let t(y) = y**3 + 5*y**2 - 21*y - 69. Calculate t(-5).
36
Let v(t) = -28*t - 9. Calculate v(2).
-65
Let y(r) = 2*r**3 + 23*r**2 + 19*r + 81. Give y(-12).
-291
Let w(b) = b**3 - 20*b**2 + 70*b + 181. Give w(15).
106
Let o(n) = -14*n - 63. Calculate o(-4).
-7
Let z(m) = -m**2 + 39*m + 84. Calculate z(-2).
2
Let k(d) = -913*d + 12785. Give k(14).
3
Let k(l) = 182*l - 119. Calculate k(-2).
-483
Let u(k) = 299*k - 2409. Calculate u(8).
-17
Let f(n) = n**3 + 39*n**2 + 41*n + 41. Determine f(-38).
-73
Let a(x) = -19*x**2 + 169*x + 34. Calculate a(9).
16
Let u(z) = z**3 - 16*z**2 - 19*z + 26. Calculate u(16).
-278
Let m(f) = f**3 + f**2 - 2*f - 55. Determine m(0).
-55
Let n(q) = 61*q**3 - q**2 - 3*q + 3. Determine n(1).
60
Let q(v) = 138*v + 2917. What is q(-21)?
19
Let m(b) = b**3 + 6*b**2 + 14*b + 35. Give m(-4).
11
Let s(y) = y**2 - 77*y + 738. Calculate s(66).
12
Let r(i) = -4*i + 130. Calculate r(17).
62
Let h(r) = 13*r**3 + 65*r**2 - 16. Determine h(-5).
-16
Let d(j) = -j**2 + 91*j - 1941. Give d(56).
19
Let u(v) = -9*v**2 + 172*v - 23. Give u(19).
-4
Let u(w) = w**2 + w + 32. Calculate u(-11).
142
Let v(z) = -28*z + 328. Give v(16).
-120
Let n(u) = -u**3 - 7*u**2 - 234*u - 1935. Calculate n(-8).
1
Let m(o) = -o**3 + 14*o**2 - 46*o + 45. Calculate m(11).
-98
Let a(b) = -b**2 + 53*b - 523. Calculate a(14).
23
Let p(k) = 2*k + 159. What is p(-45)?
69
Let j(s) = s**3 - 12*s**2 - 24*s + 4. Determine j(-2).
-4
Let l(x) = -x**2 - 9*x + 45. What is l(-16)?
-67
Let z(y) = -y**3 - 29*y**2 + 169*y - 58. Give z(-34).
-24
Let q(w) = 43*w - 226. Determine q(13).
333
Let k(f) = 9*f**2 + 17*f - 119. What is k(6)?
307
Let w(d) = -63*d**2 + 186*d - 2. Give w(3).
-11
Let n(j) = 9*j**3 + 2*j**2 + 67*j + 65. Calculate n(-1).
-9
Let d(f) = 42*f + 1982. Calculate d(-47).
8
Let u(i) = i**2 + i - 664. Determine u(25).
-14
Let a(u) = -206*u - 830. Calculate a(-4).
-6
Let r(j) = -3340*j + 96858. Determine r(29).
-2
Let x(t) = t**2 - 107*t - 1176. What is x(-10)?
-6
Let j(q) = 5*q**2 + 18*q + 6. Give j(5).
221
Let u(c) = -3*c**2 - 48*c - 235. Calculate u(-7).
-46
Let j(t) = -t**3 + 50*t**2 - 341*t + 35. What is j(8)?
-5
Let o(t) = 4*t**3 - 6*t**2 + 2*t - 6. Give o(4).
162
Let w(n) = -100*n + 6692. What is w(67)?
-8
Let u(d) = 10*d**3 + 107*d + 210. Give u(-2).
-84
Let p(a) = 19*a**2 + 24*a - 3. Determine p(-2).
25
Let i(g) = -g**3 - 9*g**2 + 94*g + 585. What is i(-13)?
39
Let q(y) = -357*y - 21071. Give q(-59).
-8
Let t(c) = 2*c**2 + c - 53. Determine t(10).
157
Let u(d) = -2*d**3 - 216*d**2 + 8*d + 871. Calculate u(-108).
7
Let u(c) = -48*c + 593. What is u(12)?
17
Let l(i) = -i**3 - 2*i**2 + 42*i + 109. Calculate l(-6).
1
Let k(i) = -i**3 + 7*i**2 + 5*i + 4. Calculate k(-7).
655
Let z(b) = -31*b - 312. Calculate z(-12).
60
Let g(a) = a**3 + 8*a**2 + 30*a + 232. Calculate g(-8).
-8
Let y(b) = b**3 - 26*b**2 + 7*b + 536. What is y(25)?
86
Let w(m) = m**2 - 36*m + 189. Determine w(20).
-131
Let n(u) = 7*u**2 - 561*u + 80. Determine n(80).
0
Let b(g) = 253*g - 3796. Calculate b(15).
-1
Let j(q) = -q**3 + 4*q**2 - 16*q - 255. What is j(0)?
-255
Let z(f) = f**2 - 187*f + 365. Calculate z(2).
-5
Let d(b) = 554*b - 3165. Calculate d(6).
159
Let t(a) = 6*a**3 + 207*a**2 - 1743*a + 1. Calculate t(7).
1
Let z(q) = q**2 + 9*q - 49. Give z(-24).
311
Let z(p) = 2*p**2 - 2*p - 162. What is z(0)?
-162
Let q(n) = 2*n + 163. Calculate q(-88).
-13
Let u(t) = 2*t**2 - 26*t - 8. What is u(13)?
-8
Let y(m) = 2*m**2 - 2*m - 1836. Give y(-30).
24
Let y(d) = 2*d**3 - 105*d**2 - 11*d + 3282. Give y(52).
6
Let x(u) = -9*u**2 + 676*u - 147. Calculate x(75).
-72
Let p(a) = 67*a**2 + a + 1. What is p(1)?
69
Let w(f) = 320*f - 4477. Give w(14).
3
Let f(i) = -4*i - 22. Give f(-7).
6
Let o(a) = -a**3 - 60*a**2 + 474*a + 340. Give o(-67).
5
Let p(h) = -5*h**3 + 6*h**2 - 12*h - 41. Determine p(4).
-313
Let u(d) = -138*d - 1090. Determine u(-8).
14
Let t(r) = -45*r - 487. Calculate t(-12).
53
Let j(h) = 4*h**3 - 6*h**2 + 25*h - 102. Calculate j(5).
373
Let u(x) = 6*x - 523. Give u(91).
23
Let i(d) = 19*d + 239. Calculate i(-12).
11
Let f(i) = 5*i**3 + 70*i**2 - 475*i + 2. Calculate f(-19).
2
Let d(m) = -m**3 - 11*m**2 - m - 34. Determine d(-10).
-124
Let w(p) = -2*p**3 + 7*p**2 + 67*p - 264. Give w(5).
-4
Let t(m) = -36*m + 168. Calculate t(6).
-48
Let g(p) = -18*p + 31. What is g(8)?
-113
Let c(v) = -33*v**3 - 2078*v**2 + 61*v - 112. Determine c(-63).
14
Let n(z) = z**3 - z**2 + 6*z - 98. Calculate n(0).
-98
Let h(b) = 2*b**3 + 81*b**2 + 39*b - 52. Determine h(-40).
-12
Let z(a) = 507*a**3 + a**2 + 143*a + 142. Determine z(-1).
-507
Let f(n) = -3708*n + 148324. Give f(40).
4
Let h(l) = l**3 + 67*l**2 - 133*l + 346. Calculate h(-69).
1
Let h(c) = c**3 + 18*c**2 - 94*c - 126. Calculate h(-22).
6
Let l(d) = -d**2 + 71*d - 957. Calculate l(49).
121
Let f(z) = -z**2 - 50*z - 584. What is f(-21)?
25
Let 